)/(26/(-6123)). Let b = o - -200. List the prime factors of b.
43
Suppose 2*v - 405 = -2*t + 1421, 5*t - 4583 = 4*v. Suppose 80*z = 75*z + t. List the prime factors of z.
3, 61
Let f = 42 + -38. Suppose -7 = -3*q - f, -2*q = -i - 2. Suppose 209 = 3*u + y, i = 4*u - 4*y - 258 + 6. List the prime factors of u.
2, 17
Let h = 62 - -13. What are the prime factors of h?
3, 5
Let r = 54 + -55. Let n(y) be the first derivative of 209*y**3/3 + 3*y**2 + 5*y - 18. List the prime factors of n(r).
2, 13
Let b = 7756 + -3866. List the prime factors of b.
2, 5, 389
Let m(r) = 7*r**2 - 8*r - 344. Let v(h) = -6*h**2 + 7*h + 344. Let y(s) = 5*m(s) + 6*v(s). List the prime factors of y(0).
2, 43
Let t = -11899 + 20206. List the prime factors of t.
3, 13, 71
Suppose 0 = -685*q + 681*q + 86476. What are the prime factors of q?
13, 1663
Suppose 0 = -o + 5*r + 1341, 1642 + 4913 = 5*o + 5*r. List the prime factors of o.
2, 7, 47
Let z = -30072 - -49713. What are the prime factors of z?
3, 6547
Let f be ((-55)/110)/(2/(-8620)). Let d = f + -1526. List the prime factors of d.
17, 37
Let v(n) = -43*n**2 + 1047*n + 46. What are the prime factors of v(22)?
2, 3, 7
Let z = 473 + -475. Let b(y) = 21*y**2 - 18*y - 5. List the prime factors of b(z).
5, 23
Suppose -537*v + 517*v + 11520 = 0. List the prime factors of v.
2, 3
Suppose 39 = 5*s + 9. Suppose -2*k + s = -0. Suppose 5*b + 3*a = 5*a + 605, 332 = k*b + 5*a. List the prime factors of b.
7, 17
Suppose -b - 71981 = 31*r - 34*r, -r + 24003 = -5*b. What are the prime factors of r?
23993
Suppose 0*j - 5*j = -10, 5*p = 2*j + 116. Suppose y - 1397 = -4*b, -5*y + p = -1. What are the prime factors of b?
2, 3, 29
List the prime factors of -12 - (-641 + 8 + 8).
613
Suppose 369*x = 356*x + 127491. What are the prime factors of x?
3, 7, 467
Let f(j) = j**3 - 21*j**2 - 20*j + 59. Let z be f(24). Suppose -5*a + 118 = -z. List the prime factors of a.
3, 5, 19
Let w = -64 + 67. Let r = 311 + w. Suppose 6*t = t + 2*i + r, 5*i = 3*t - 196. What are the prime factors of t?
2, 31
Let x(o) = 4*o**2 + 34*o - 9. What are the prime factors of x(-38)?
5, 179
List the prime factors of (2134/(-8))/((-125226)/(-2160) + -58).
2, 5, 11, 97
Suppose -x = m + 101 - 4494, -m = -5*x - 4417. What are the prime factors of m?
4397
Suppose -9*t - 7465 + 44941 = 0. Let s = t + -2704. What are the prime factors of s?
2, 5, 73
Suppose 0 = u - 22 - 518. Suppose -24*h + 28*h = u. What are the prime factors of h?
3, 5
Let t = -2 - -6. Let u be (-12)/(-10)*((-16)/(-4) + 1). Suppose r - u*r + 815 = -5*x, 2*r = t*x + 332. What are the prime factors of r?
2, 5
Suppose 3783801 = 70*t - 297*t + 12895354. What are the prime factors of t?
11, 41, 89
Let f(t) be the second derivative of 7*t**4/12 + t**3/2 - 5*t**2/2 - 2*t - 13. List the prime factors of f(-3).
7
Let f be 1/(24/(-100)) - (-4)/24. List the prime factors of 134 + f/(-2)*(-10)/4.
3, 43
Let l be -1 + 30/5 + -4. Suppose 0 = -4*n + 7 + l. Suppose 3*a = -2*z + 343, 218 = n*a + 3*z - 7*z. What are the prime factors of a?
113
Suppose 0 = 2*i + 5*q - 755, i + 3*q - 377 = q. List the prime factors of i/13 + 24/156.
29
Let p be 0/((2 + -5)*1). Suppose p = 3*m - 4379 + 1529. Suppose 20*l - 4530 = -m. What are the prime factors of l?
179
Let y be (-4)/6 - (7/3 + -1). What are the prime factors of (-505 + -31)/(y + (-1 - -1))?
2, 67
Let l(o) = 153*o - 27. Let x(h) = 460*h - 83. Let b(y) = -8*l(y) + 3*x(y). What are the prime factors of b(3)?
3, 5, 29
Let g(o) = 14*o**2 + 156*o - 12. Let j be g(-12). Suppose -j*u = -121*u - 891. List the prime factors of u.
3
Let p be ((351/(-12))/(-1))/(54/(-144)). What are the prime factors of (890/(-7))/(-2 + p/(-42))?
2, 5, 89
Let j = 23798 + -14068. What are the prime factors of j?
2, 5, 7, 139
Let l(z) = -15*z + 2*z**2 - 3 - 15 + 8. Let g be l(19). Suppose -51 + g = 4*h. What are the prime factors of h?
2, 47
Suppose 0 = -15*z + 27*z - 36. Suppose b + 5*r = 817, 22*b - 23*b = z*r - 811. List the prime factors of b.
2, 401
Suppose -185*d - 169*d = -282*d - 738432. What are the prime factors of d?
2, 641
Let z = -621 - -1397. Let b = z + 302. List the prime factors of b.
2, 7, 11
List the prime factors of (-7 + 7 - 51400/(-6))*3.
2, 5, 257
Let v = -101 - -756. Suppose -4*d + 365 = -v. List the prime factors of d.
3, 5, 17
Let f = -55 - -386. What are the prime factors of 6*f/(-3)*(-15)/10?
3, 331
List the prime factors of -1206*((-61)/3 - -11).
2, 3, 7, 67
Suppose -q + 4890 = -u - 297, 0 = -3*u + 3. What are the prime factors of q?
2, 1297
Let r(l) = 12*l - 57. Let b be r(5). Let k(m) = -5*m - 8. Let o be k(-10). Suppose -4*a - b*n + o = -2, -3*a - 4*n = -40. List the prime factors of a.
2
Suppose 0 = -5*q + 3*d - 183, 71 + 42 = -3*q + 5*d. List the prime factors of 1626/(-8)*(-4 - q/27).
2, 271
Let s(f) = -9*f + 55. Let h be s(6). What are the prime factors of h*5/((-10)/(-126))?
3, 7
Let t(n) = n**2 + n - 35. Let d be t(7). Suppose -d*o + 29*o - 2496 = 0. What are the prime factors of o?
2, 3, 13
Let c be ((-35)/2)/(-7)*28/5. Let n be 6*(-2)/c*-7. Suppose n = -3*k + 6*k. What are the prime factors of k?
2
Suppose 8*x = 28377 - 9713. What are the prime factors of x?
2333
Let b = 1562 + 301. What are the prime factors of b?
3, 23
Suppose -4*c = -2 - 10. Suppose 13*b - 8*b - c*v - 82 = 0, 30 = b - 4*v. Suppose 10*y - b*y = -256. What are the prime factors of y?
2
Let p(n) = 3*n**3 - 36*n**2 - 14*n + 16. What are the prime factors of p(19)?
7331
Let u(s) = 18 + 132*s - 136*s + 104. Let q be u(0). What are the prime factors of q/14 - (-1)/(28/8)?
3
Let n(m) = 10*m**2 + 21*m + 85. List the prime factors of n(9).
2, 271
Let j = 1679 + 3180. Suppose -5291 = -7*w + j. List the prime factors of w.
2, 5, 29
Let j = -647 + 944. Let r = j + -150. List the prime factors of r.
3, 7
Let n = 25327 - 7511. What are the prime factors of n?
2, 17, 131
Let d(u) = 4*u**2 - 3*u + 8. Let r be d(5). Suppose 5*c + k - 109 = 0, 21 = 5*c - 4*k - r. Suppose 84 = -18*h + c*h. List the prime factors of h.
3, 7
Let j(i) = 338*i**2 + 8*i - 120. Let k be j(-12). Suppose 29*r = 5*r + k. What are the prime factors of r?
3, 673
Let k(t) = 226*t - 2271. List the prime factors of k(117).
3, 7, 1151
Let q(y) be the second derivative of y**3/2 - 2*y**2 + 5*y - 1. Let a be q(5). What are the prime factors of 1540/a + (-2)/(3 - 1)?
139
Let i = -102608 - -151327. List the prime factors of i.
11, 43, 103
Let d(k) = -k**3 + 8*k**2 - 11*k + 2. Let u be d(6). Let m = u - -77. What are the prime factors of m?
5, 17
List the prime factors of -9 - -44022 - (-8 + (1 - 1)).
44021
Suppose -130591 = -8*h - 8*h + 41777. What are the prime factors of h?
3, 7, 19
Suppose -w + 3*w = -3*r - 16, 3*r - 5*w + 23 = 0. Let c = -1 + 1. What are the prime factors of (-644)/(-12) + c + (-2)/r?
2, 3
Let y = 785 + -492. What are the prime factors of 7 + 6/2 + y?
3, 101
Suppose -5*n + p = -33968, 1416 = -n - 5*p + 8194. What are the prime factors of n?
6793
Suppose -h - 3 = -2*h. Let r be (-2296)/(-24) - 6/9. Suppose h*x - r - 139 = 0. List the prime factors of x.
2, 3, 13
Let z = -1585 - -1891. What are the prime factors of z?
2, 3, 17
Let i(h) = -h**3 - 39*h**2 - 21. Let z be i(-39). What are the prime factors of (8 + (-21742)/z)*(-3)/(-2)?
5, 313
Suppose 0 = v - 5*b + 23, -2*b = -4*v + b - 7. Let m be -6*(-5 + v - (-5)/2). Suppose m*t + t = 496. List the prime factors of t.
2, 31
What are the prime factors of ((-4)/27)/(5/15) - 15044480/(-990)?
2, 29, 131
Suppose -353*r = -118*r - 490899 + 22779. List the prime factors of r.
2, 3, 83
Let k be 1 + (8 - (-25)/((-10)/2)). Let u(a) = 12*a**3 - a**2 + 9*a - 56. What are the prime factors of u(k)?
2, 3, 61
Let g = 6294 + -1405. What are the prime factors of g?
4889
Suppose -2*a = -4*h + 54, -14 = -3*h + 2*a + 29. Suppose -4*z + 5 = -h. Suppose 5*m - 2*q + 24 = 139, -m = z*q - 23. List the prime factors of m.
23
What are the prime factors of 237/316 + (-290697)/(-4)?
3, 5, 17, 19
Suppose 0 = -3*n + 16*b - 13*b + 20085, -2*n + 13408 = -4*b. What are the prime factors of n?
2, 3343
Let i(q) = -11*q**2 + q - 12. Suppose 0 = u + 6 - 2, 0 = -5*a - u + 21. Let v be i(a). Let w = v + 422. List the prime factors of w.
2, 5, 7
Let m = -31400 + 57920. List the prime factors of m.
2, 3, 5, 13, 17
Suppose -5*b - 